{"id":9,"date":"2017-09-19T10:21:13","date_gmt":"2017-09-19T10:21:13","guid":{"rendered":"http:\/\/www.ortoarrels.es\/?page_id=9"},"modified":"2021-06-16T17:19:26","modified_gmt":"2021-06-16T17:19:26","slug":"contacto","status":"publish","type":"page","link":"https:\/\/ortoarrels.es\/index.php\/contacto\/","title":{"rendered":"Contacto"},"content":{"rendered":"\n<figure class=\"wp-block-image size-large is-resized\"><img loading=\"lazy\" decoding=\"async\" src=\"https:\/\/ortoarrels.es\/wp-content\/uploads\/2017\/09\/ARRELS-22-1024x683.jpg\" alt=\"\" class=\"wp-image-79\" width=\"579\" height=\"385\" srcset=\"https:\/\/ortoarrels.es\/wp-content\/uploads\/2017\/09\/ARRELS-22-1024x683.jpg 1024w, https:\/\/ortoarrels.es\/wp-content\/uploads\/2017\/09\/ARRELS-22-350x233.jpg 350w, https:\/\/ortoarrels.es\/wp-content\/uploads\/2017\/09\/ARRELS-22-300x200.jpg 300w, https:\/\/ortoarrels.es\/wp-content\/uploads\/2017\/09\/ARRELS-22-768x512.jpg 768w, https:\/\/ortoarrels.es\/wp-content\/uploads\/2017\/09\/ARRELS-22.jpg 1920w\" sizes=\"auto, (max-width: 579px) 100vw, 579px\" \/><\/figure>\n\n\n\n<p>HORARIO:<\/p>\n\n\n\n<p>Lunes a Viernes de 9.30 a 14.00 y de 17.00 a 20.30<\/p>\n\n\n\n<p>S\u00e1bados de 10.00 a 13.30 <\/p>\n\n\n\n<h2 class=\"has-text-color wp-block-heading\" style=\"color:#02465a\">Nos encontrar\u00e1s en:<\/h2>\n\n\n\n<p>Cam\u00ed Real, 5, 46470 Catarroja, Valencia, Espa\u00f1a<\/p>\n\n\n\n<p style=\"background-color:#02465a\" class=\"has-text-color has-background has-text-align-center has-very-light-gray-color\"><strong>PARKING GRATUITO EN EL AYUNTAMIENTO DE CATARROJA<\/strong><\/p>\n\n\n\n<p class=\"has-text-color has-very-dark-gray-color\">Tel\u00e9fono  <strong> 96 117 28 24<\/strong><\/p>\n\n\n\n<p>WhatsApp <strong>+34 653 466 001<\/strong><\/p>\n\n\n\n<figure class=\"wp-block-image size-large\"><a href=\"https:\/\/www.google.com\/maps\/place\/Ortopedia+t\u00e9cnica+Arrels\/@39.4038624,-0.4032552,19.7z\/data=!4m5!3m4!1s0xd604e9d4e915555:0xd56783a91ae51429!8m2!3d39.4037862!4d-0.4029337\"><img loading=\"lazy\" decoding=\"async\" width=\"1024\" height=\"681\" src=\"https:\/\/www.ortoarrels.es\/wp-content\/uploads\/2021\/06\/Captura-de-pantalla-2021-06-01-a-las-17.19.37-1024x681.png\" alt=\"\" class=\"wp-image-223\" srcset=\"https:\/\/ortoarrels.es\/wp-content\/uploads\/2021\/06\/Captura-de-pantalla-2021-06-01-a-las-17.19.37-1024x681.png 1024w, https:\/\/ortoarrels.es\/wp-content\/uploads\/2021\/06\/Captura-de-pantalla-2021-06-01-a-las-17.19.37-350x233.png 350w, https:\/\/ortoarrels.es\/wp-content\/uploads\/2021\/06\/Captura-de-pantalla-2021-06-01-a-las-17.19.37-300x199.png 300w, https:\/\/ortoarrels.es\/wp-content\/uploads\/2021\/06\/Captura-de-pantalla-2021-06-01-a-las-17.19.37-768x510.png 768w, https:\/\/ortoarrels.es\/wp-content\/uploads\/2021\/06\/Captura-de-pantalla-2021-06-01-a-las-17.19.37-1536x1021.png 1536w, https:\/\/ortoarrels.es\/wp-content\/uploads\/2021\/06\/Captura-de-pantalla-2021-06-01-a-las-17.19.37-2048x1361.png 2048w\" sizes=\"auto, (max-width: 767px) 89vw, (max-width: 1000px) 54vw, (max-width: 1071px) 543px, 580px\" \/><\/a><\/figure>\n\n\n\n<p><a rel=\"noreferrer noopener\" href=\"mailto:raquel@ortoarrels.es\" target=\"_blank\">raquel@ortoarrels.es<\/a><\/p>\n\n\n\n<h2 class=\"has-text-color wp-block-heading\" style=\"color:#02465a\">D\u00e9janos tu consulta<\/h2>\n\n\n\n<div class=\"wpcf7 no-js\" id=\"wpcf7-f89-o1\" lang=\"es-ES\" dir=\"ltr\" data-wpcf7-id=\"89\">\n<div class=\"screen-reader-response\"><p role=\"status\" aria-live=\"polite\" aria-atomic=\"true\"><\/p> <ul><\/ul><\/div>\n<form action=\"\/index.php\/wp-json\/wp\/v2\/pages\/9#wpcf7-f89-o1\" method=\"post\" class=\"wpcf7-form init\" aria-label=\"Formulario de contacto\" novalidate=\"novalidate\" data-status=\"init\">\n<fieldset class=\"hidden-fields-container\"><input type=\"hidden\" name=\"_wpcf7\" value=\"89\" \/><input type=\"hidden\" name=\"_wpcf7_version\" value=\"6.1.5\" \/><input type=\"hidden\" name=\"_wpcf7_locale\" value=\"es_ES\" \/><input type=\"hidden\" name=\"_wpcf7_unit_tag\" value=\"wpcf7-f89-o1\" \/><input type=\"hidden\" name=\"_wpcf7_container_post\" value=\"0\" \/><input type=\"hidden\" name=\"_wpcf7_posted_data_hash\" value=\"\" \/>\n<\/fieldset>\n<p><label> Nombre (requerido)<br \/>\n<span class=\"wpcf7-form-control-wrap\" data-name=\"your-name\"><input size=\"40\" maxlength=\"400\" class=\"wpcf7-form-control wpcf7-text wpcf7-validates-as-required\" aria-required=\"true\" aria-invalid=\"false\" value=\"\" type=\"text\" name=\"your-name\" \/><\/span> <\/label>\n<\/p>\n<p><label> Tu correo electr\u00f3nico (requerido)<br \/>\n<span class=\"wpcf7-form-control-wrap\" data-name=\"your-email\"><input size=\"40\" maxlength=\"400\" class=\"wpcf7-form-control wpcf7-email wpcf7-validates-as-required wpcf7-text wpcf7-validates-as-email\" aria-required=\"true\" aria-invalid=\"false\" value=\"\" type=\"email\" name=\"your-email\" \/><\/span> <\/label>\n<\/p>\n<p><label> Asunto (requerido)<br \/>\n<span class=\"wpcf7-form-control-wrap\" data-name=\"your-subject\"><input size=\"40\" maxlength=\"400\" class=\"wpcf7-form-control wpcf7-text wpcf7-validates-as-required\" aria-required=\"true\" aria-invalid=\"false\" value=\"\" type=\"text\" name=\"your-subject\" \/><\/span> <\/label>\n<\/p>\n<p><label> Mensaje (requerido)<br \/>\n<span class=\"wpcf7-form-control-wrap\" data-name=\"your-message\"><textarea cols=\"40\" rows=\"10\" maxlength=\"2000\" class=\"wpcf7-form-control wpcf7-textarea wpcf7-validates-as-required\" aria-required=\"true\" aria-invalid=\"false\" name=\"your-message\"><\/textarea><\/span> <\/label>\n<\/p>\n<p><input class=\"wpcf7-form-control wpcf7-submit has-spinner\" type=\"submit\" value=\"Enviar\" \/>\n<\/p><p style=\"display: none !important;\" class=\"akismet-fields-container\" data-prefix=\"_wpcf7_ak_\"><label>&#916;<textarea name=\"_wpcf7_ak_hp_textarea\" cols=\"45\" rows=\"8\" maxlength=\"100\"><\/textarea><\/label><input type=\"hidden\" id=\"ak_js_1\" name=\"_wpcf7_ak_js\" value=\"33\"\/><script>\ndocument.getElementById( \"ak_js_1\" ).setAttribute( \"value\", ( new Date() ).getTime() );\n<\/script>\n<\/p><div class=\"wpcf7-response-output\" aria-hidden=\"true\"><\/div>\n<\/form>\n<\/div>\n\n\n\n<p><\/p>\n","protected":false},"excerpt":{"rendered":"<p>HORARIO: Lunes a Viernes de 9.30 a 14.00 y de 17.00 a 20.30 S\u00e1bados de 10.00 a 13.30 Nos encontrar\u00e1s en: Cam\u00ed Real, 5, 46470 Catarroja, Valencia, Espa\u00f1a PARKING GRATUITO EN EL AYUNTAMIENTO DE CATARROJA Tel\u00e9fono 96 117 28 24 WhatsApp +34 653 466 001 raquel@ortoarrels.es D\u00e9janos tu consulta<\/p>\n","protected":false},"author":1,"featured_media":0,"parent":0,"menu_order":0,"comment_status":"closed","ping_status":"closed","template":"","meta":{"footnotes":""},"class_list":["post-9","page","type-page","status-publish","hentry"],"_links":{"self":[{"href":"https:\/\/ortoarrels.es\/index.php\/wp-json\/wp\/v2\/pages\/9","targetHints":{"allow":["GET"]}}],"collection":[{"href":"https:\/\/ortoarrels.es\/index.php\/wp-json\/wp\/v2\/pages"}],"about":[{"href":"https:\/\/ortoarrels.es\/index.php\/wp-json\/wp\/v2\/types\/page"}],"author":[{"embeddable":true,"href":"https:\/\/ortoarrels.es\/index.php\/wp-json\/wp\/v2\/users\/1"}],"replies":[{"embeddable":true,"href":"https:\/\/ortoarrels.es\/index.php\/wp-json\/wp\/v2\/comments?post=9"}],"version-history":[{"count":10,"href":"https:\/\/ortoarrels.es\/index.php\/wp-json\/wp\/v2\/pages\/9\/revisions"}],"predecessor-version":[{"id":235,"href":"https:\/\/ortoarrels.es\/index.php\/wp-json\/wp\/v2\/pages\/9\/revisions\/235"}],"wp:attachment":[{"href":"https:\/\/ortoarrels.es\/index.php\/wp-json\/wp\/v2\/media?parent=9"}],"curies":[{"name":"wp","href":"https:\/\/api.w.org\/{rel}","templated":true}]}}